 when b is divided by 4.
1
Calculate the remainder when 4/24 - 12558/(-36) is divided by 22.
19
Suppose 2*w + 3*w = 35. Let d(t) = 5*t + 9. Calculate the remainder when d(w) is divided by 15.
14
Let t(s) = 32*s**3 - s. Suppose -2*q + 0*q + 2*o = -4, -5*o = -3*q + 8. Suppose 0 = -w + 14 - 3. What is the remainder when t(q) is divided by w?
9
Let b(a) = 2*a**2 - 12*a - 3. Let w be (2/(-6))/((-12)/(-180)). What is the remainder when b(w) is divided by 27?
26
Let a(g) = g**3 + 7*g**2 + 3*g + 27. Calculate the remainder when 18 is divided by a(-7).
0
Let x(n) = 10*n**2 - n + 1. Let l = -2 - 0. Calculate the remainder when x(l) is divided by 15.
13
Let a(b) = b + 4. Let m be a(5). Let j(c) = c**2 - 8*c + 3. Let n be j(m). Suppose 0 = -2*l - l + n. Calculate the remainder when 14 is divided by l.
2
Let t(h) = h - 3. Let i be t(4). Let c = i - 0. Calculate the remainder when 27 is divided by c/3*(-42)/(-2).
6
Suppose -110*i + 106*i + 172 = 0. What is the remainder when i is divided by 25?
18
Suppose 0*x + x - 694 = -3*d, 5*x + 938 = 4*d. Suppose d + 88 = 8*s. What is the remainder when s is divided by 14?
12
What is the remainder when 108/(-48)*(2 - 66) is divided by 37?
33
Suppose -4233 = -39*l + 18. What is the remainder when 427 is divided by l?
100
Let v(i) = -2*i**3 + 54*i**2 + 58*i - 44. What is the remainder when 33 is divided by v(28)?
9
Let o = -3 - -9. Suppose -u - h - o = 2*h, 0 = 3*u - 2*h - 15. Let y = u - -114. Calculate the remainder when y is divided by 30.
27
Calculate the remainder when 60/9*(3 - -12) is divided by 21.
16
Let v(t) be the third derivative of 11/60*t**5 + t**2 + 0 - 1/3*t**3 + 1/12*t**4 + 0*t. Calculate the remainder when v(2) is divided by 16.
14
Suppose -4*s = -17 - 3. Suppose -7*t + 1200 = 1186. Calculate the remainder when s is divided by t.
1
Let b(o) = o**2 + 11*o - 38. Let s be b(-14). Suppose s*m - i = -3*i + 306, -4*m - 5*i + 303 = 0. What is the remainder when m is divided by 20?
17
Suppose -o = -3*l - 32, 0 = o + 2*l - 17 - 35. Let s = -69 + 48. Let y = o + s. What is the remainder when 45 is divided by y?
22
Suppose 3*k - 74 = -8. Calculate the remainder when (-5)/((-15)/(-6)) + 45 is divided by k.
21
Let y = -56 - -58. Suppose -2*f - 3*b = -8*b - 39, y*f - 36 = 2*b. Calculate the remainder when 65 is divided by f.
14
Calculate the remainder when 121 is divided by (1611/36)/1 + (-15)/20.
33
Suppose -4*t = 3*p - 72 - 127, -148 = -3*t - p. What is the remainder when 438 is divided by t?
46
Let w(z) = 3*z**2 + 72*z + 388. Calculate the remainder when w(-22) is divided by 68.
52
What is the remainder when 1818/9 - (3 - 0) is divided by 8?
7
Let b(k) be the second derivative of -k**5/20 - 5*k**4/12 + 2*k**2 + 3*k. Let d be b(-5). What is the remainder when (-10 - -6)*(-9)/d is divided by 5?
4
Let i = -74 + 30. Let m = i - -56. Calculate the remainder when m is divided by 8.
4
Suppose 6*v - 390 = 96. What is the remainder when 3806 is divided by v?
80
Let s = 62 - 40. Suppose 4*a - 9 + 37 = -d, 3*d + 4*a + 100 = 0. Let u = -24 - d. Calculate the remainder when s is divided by u.
10
Let d = -276 - -292. Calculate the remainder when 34 is divided by d.
2
Calculate the remainder when (-102)/(-4) - (-1)/(-2) is divided by 10.
5
Suppose 5*x - 2*u - 363 = 0, -2*x + 52 = 4*u - 98. Suppose -10*q + 12*q - 38 = 0. What is the remainder when x is divided by q?
16
Let m = -114 + 440. What is the remainder when m is divided by 22?
18
Suppose h - 5*h = 44. Let q(b) = -b**2 - 10*b + 16. Let g be q(h). Suppose -k = -g*k + 60. What is the remainder when 59 is divided by k?
14
Suppose 3*g - 59 = -4*h, -8*h = -g - 11*h + 28. What is the remainder when 258 is divided by g?
11
Let x = -77 + 99. Let j = 2 + 34. Calculate the remainder when 48/(j/(-16) - -3) is divided by x.
20
What is the remainder when -5 + 6 + -1 + -2 + 613 is divided by 36?
35
Let y(p) = -3 + 3*p**2 + 3*p - 12*p**3 + 13*p**3 - 5*p**2. Calculate the remainder when 5 is divided by y(2).
2
Let m(i) = -55*i - 31. What is the remainder when 47 is divided by m(-1)?
23
Let k be 0 - 1 - (-1 + -1). Calculate the remainder when 39 is divided by (0 + 21/(-3))/(k/(-2)).
11
Let g be -1 - 1/2*-4. Let n = g + 2. Calculate the remainder when ((-11)/(-1))/(0 + 1) is divided by n.
2
What is the remainder when 9 + (-4711)/(-7) + 1 + -4 is divided by 18?
13
Suppose 0 = -7*q + 80 - 17. Suppose 28 = -5*f + 83. Let n = 13 + f. What is the remainder when n is divided by q?
6
Let t(v) = v**2. Let a be t(-2). Let u = a - 10. What is the remainder when 15 is divided by (u/3)/(2/(-8))?
7
Let t be (4 + 8)/3 - 2. Suppose -t = -2*v + v. What is the remainder when ((-76)/8)/((-1)/v) is divided by 10?
9
Let t = -534 - -895. Calculate the remainder when t is divided by 171.
19
Suppose -19 + 67 = -4*y. Let o = y - -24. Suppose 2*k + m = -k + 97, k + m = 31. Calculate the remainder when k is divided by o.
9
Suppose 3*g - 5*r = -9 + 41, 5*g - 60 = 5*r. Calculate the remainder when 122 is divided by g.
10
Suppose 5*t - 3*b = 864, 4*t + 5*b + 297 = 966. What is the remainder when t is divided by 58?
55
Let k = 18 + -14. Let l be (k - (0 - -1))*1. Suppose 62 = l*w - 184. Calculate the remainder when w is divided by 17.
14
Suppose -y = -5*h + 4*y + 65, y = -5*h + 59. Suppose 0 = -78*a + 79*a. Suppose 35*d - 30*d - 100 = a. What is the remainder when d is divided by h?
8
Suppose 38*x = 188 + 3536. What is the remainder when x is divided by 88?
10
Let k(x) = 2*x**3 + 3*x + 7. Let y be k(-2). Let w(r) = r**3 + 17*r**2 + 27*r - 29. Calculate the remainder when 1 - -45 - (-1)/1 is divided by w(y).
15
Let y = 125 + -85. Calculate the remainder when 162 is divided by y.
2
Let q = 327 + -252. Suppose z + z - 5*u = 186, 3*z + 3*u - 258 = 0. Suppose -z = -3*y - 10. Calculate the remainder when q is divided by y.
23
Let h = 37 - 33. Let z be (h/7)/((-8)/(-28)). Suppose 4*x + d = -x + 146, -2 = -z*d. Calculate the remainder when 113 is divided by x.
26
Let z(a) = -5*a - 23. Let u(j) = 2*j + 10. Let f be u(-10). Calculate the remainder when z(f) is divided by 15.
12
Let y = -100 - -147. Let l = -17 + y. Let u(d) = -d**3 - 6*d**2 - 2*d - 1. What is the remainder when l is divided by u(-6)?
8
Let w = 17 + 41. What is the remainder when w is divided by 20?
18
Let l(y) be the second derivative of 0 - y + 7/2*y**2 - 5/6*y**3 + 1/12*y**4. What is the remainder when 38 is divided by l(6)?
12
Let v = -1634 + 2700. Calculate the remainder when v is divided by 11.
10
Suppose -3*n + 5*r + 17 = -168, -268 = -4*n - 4*r. Calculate the remainder when n is divided by 23.
19
Suppose 31*b - 25*b = 84. What is the remainder when 301 is divided by b?
7
Let n = -1 + 5. Suppose -f = 3*k - 36, -2*k + 2 = -n. Suppose 389 + 31 = 4*v. What is the remainder when v is divided by f?
24
Let q(o) = -3*o + 18. Let s = 34 + 10. What is the remainder when s is divided by q(2)?
8
Suppose -93 = -j - 4*x, 133 = 11*j - 10*j - 4*x. What is the remainder when 2031 is divided by j?
110
Suppose -17 = -v + 3*o - 76, v + 2*o = -54. Let n = v - -96. Calculate the remainder when 158 is divided by n.
38
Let b = 9 + -9. Suppose -d - 2*d + 7 = -r, b = d - 5. Suppose 2*u - r = -3*z, u - 2 = z - 3*z. Calculate the remainder when u is divided by 3.
1
Let f be 189/45 - (-2)/(-10). Suppose 144 - 40 = f*w. Calculate the remainder when w is divided by 7.
5
Let y(j) = 3*j**2 + j - 4. What is the remainder when y(-12) is divided by 30?
26
Let g = -662 + 1138. Calculate the remainder when g is divided by 20.
16
Let d = -1656 + 2830. What is the remainder when d is divided by 56?
54
Let b(n) = 4*n**2 + 4*n - 28. Calculate the remainder when b(5) is divided by 16.
12
Suppose 5*i = 2*g + 1116, 2*i + g = 223 + 218. Suppose -5*w + 132 = 7. What is the remainder when i is divided by w?
22
Let k(v) = 152*v**2 + 3*v. Calculate the remainder when k(1) is divided by 48.
11
Let o(u) = -u**3 + 24*u**2 - 21*u - 36. What is the remainder when 399 is divided by o(23)?
9
Let b be (-6)/21 + 298/14. Let s be (4/10)/((-2536)/(-280) + -9). Suppose s*l - b = 6*l. What is the remainder when l is divided by 8?
5
Let c(a) = -2*a + 17. Let d be c(7). Let v = 2 + d. What is the remainder when v is divided by 3?
2
Suppose 6*v - 256 = -190. What is the remainder when 1725 is divided by v?
9
Let i(v